{"id":840,"date":"2023-03-30T20:25:31","date_gmt":"2023-03-30T20:25:31","guid":{"rendered":"https:\/\/gutz-dc.de\/?page_id=840"},"modified":"2023-03-31T09:02:36","modified_gmt":"2023-03-31T09:02:36","slug":"2022-2","status":"publish","type":"page","link":"https:\/\/gutz-dc.de\/index.php\/2022-2\/","title":{"rendered":"2022"},"content":{"rendered":"\t\t<div data-elementor-type=\"wp-page\" data-elementor-id=\"840\" class=\"elementor elementor-840\">\n\t\t\t\t\t\t<section class=\"elementor-section elementor-top-section elementor-element elementor-element-5aacb82 elementor-section-boxed elementor-section-height-default elementor-section-height-default\" data-id=\"5aacb82\" data-element_type=\"section\" data-e-type=\"section\">\n\t\t\t\t\t\t<div class=\"elementor-container elementor-column-gap-default\">\n\t\t\t\t\t<div class=\"elementor-column elementor-col-100 elementor-top-column elementor-element elementor-element-fbc087e\" data-id=\"fbc087e\" data-element_type=\"column\" data-e-type=\"column\">\n\t\t\t<div class=\"elementor-widget-wrap elementor-element-populated\">\n\t\t\t\t\t\t<div class=\"elementor-element elementor-element-783caa4 elementor-widget elementor-widget-text-editor\" data-id=\"783caa4\" data-element_type=\"widget\" data-e-type=\"widget\" data-widget_type=\"text-editor.default\">\n\t\t\t\t<div class=\"elementor-widget-container\">\n\t\t\t\t\t\t\t\t\t<p><strong>GUTZ DC WM<\/strong><\/p>\t\t\t\t\t\t\t\t<\/div>\n\t\t\t\t<\/div>\n\t\t\t\t<div class=\"elementor-element elementor-element-76c63eb elementor-widget elementor-widget-text-editor\" data-id=\"76c63eb\" data-element_type=\"widget\" data-e-type=\"widget\" data-widget_type=\"text-editor.default\">\n\t\t\t\t<div class=\"elementor-widget-container\">\n\t\t\t\t\t\t\t\t\t<p>Am 17.12.2022 wurde die GDC WM 2022 in unser Spielst\u00e4tte, Sylvis Dartstube, ausgetragen.<br \/>32 Teilnehmer aus 8 verschiedenen Vereinen Mitteldeutschlands spielten um den Sieg der zweiten Auflage der GUTZ DC WM.<\/p><p>Gespielt wurde im Setmodus und die Distanzen stiegen bis zum Finale.<br \/>Nachdem die Gruppen h\u00e4ndisch ausgelost wurden, ging es darum die Top 24 Spieler f\u00fcr die KO-Phase zu erspielen.<\/p>\t\t\t\t\t\t\t\t<\/div>\n\t\t\t\t<\/div>\n\t\t\t\t\t<\/div>\n\t\t<\/div>\n\t\t\t\t\t<\/div>\n\t\t<\/section>\n\t\t\t\t<section class=\"elementor-section elementor-top-section elementor-element elementor-element-e8f329a elementor-section-boxed elementor-section-height-default elementor-section-height-default\" data-id=\"e8f329a\" data-element_type=\"section\" data-e-type=\"section\">\n\t\t\t\t\t\t<div class=\"elementor-container elementor-column-gap-default\">\n\t\t\t\t\t<div class=\"elementor-column elementor-col-25 elementor-top-column elementor-element elementor-element-c29376e\" data-id=\"c29376e\" data-element_type=\"column\" data-e-type=\"column\">\n\t\t\t<div class=\"elementor-widget-wrap elementor-element-populated\">\n\t\t\t\t\t\t<div class=\"elementor-element elementor-element-e3c545d elementor-widget elementor-widget-image\" data-id=\"e3c545d\" data-element_type=\"widget\" data-e-type=\"widget\" data-widget_type=\"image.default\">\n\t\t\t\t<div class=\"elementor-widget-container\">\n\t\t\t\t\t\t\t\t\t\t\t\t\t\t\t<img fetchpriority=\"high\" decoding=\"async\" width=\"691\" height=\"1024\" src=\"https:\/\/i0.wp.com\/gutz-dc.de\/wp-content\/uploads\/2023\/01\/Bildschirmfoto-2023-01-19-um-07.43.04.png?fit=691%2C1024&amp;ssl=1\" class=\"attachment-large size-large wp-image-667\" alt=\"\" srcset=\"https:\/\/i0.wp.com\/gutz-dc.de\/wp-content\/uploads\/2023\/01\/Bildschirmfoto-2023-01-19-um-07.43.04.png?w=762&amp;ssl=1 762w, https:\/\/i0.wp.com\/gutz-dc.de\/wp-content\/uploads\/2023\/01\/Bildschirmfoto-2023-01-19-um-07.43.04.png?resize=202%2C300&amp;ssl=1 202w, https:\/\/i0.wp.com\/gutz-dc.de\/wp-content\/uploads\/2023\/01\/Bildschirmfoto-2023-01-19-um-07.43.04.png?resize=691%2C1024&amp;ssl=1 691w\" sizes=\"(max-width: 691px) 100vw, 691px\" \/>\t\t\t\t\t\t\t\t\t\t\t\t\t\t\t<\/div>\n\t\t\t\t<\/div>\n\t\t\t\t\t<\/div>\n\t\t<\/div>\n\t\t\t\t<div class=\"elementor-column elementor-col-25 elementor-top-column elementor-element elementor-element-2a1d49d\" data-id=\"2a1d49d\" data-element_type=\"column\" data-e-type=\"column\">\n\t\t\t<div class=\"elementor-widget-wrap elementor-element-populated\">\n\t\t\t\t\t\t<div class=\"elementor-element elementor-element-0c2c66f elementor-widget elementor-widget-image\" data-id=\"0c2c66f\" data-element_type=\"widget\" data-e-type=\"widget\" data-widget_type=\"image.default\">\n\t\t\t\t<div class=\"elementor-widget-container\">\n\t\t\t\t\t\t\t\t\t\t\t\t\t\t\t<img decoding=\"async\" width=\"690\" height=\"1024\" src=\"https:\/\/i0.wp.com\/gutz-dc.de\/wp-content\/uploads\/2023\/01\/Bildschirmfoto-2023-01-19-um-07.43.50-1.png?fit=690%2C1024&amp;ssl=1\" class=\"attachment-large size-large wp-image-670\" alt=\"\" srcset=\"https:\/\/i0.wp.com\/gutz-dc.de\/wp-content\/uploads\/2023\/01\/Bildschirmfoto-2023-01-19-um-07.43.50-1.png?w=764&amp;ssl=1 764w, https:\/\/i0.wp.com\/gutz-dc.de\/wp-content\/uploads\/2023\/01\/Bildschirmfoto-2023-01-19-um-07.43.50-1.png?resize=202%2C300&amp;ssl=1 202w, https:\/\/i0.wp.com\/gutz-dc.de\/wp-content\/uploads\/2023\/01\/Bildschirmfoto-2023-01-19-um-07.43.50-1.png?resize=690%2C1024&amp;ssl=1 690w\" sizes=\"(max-width: 690px) 100vw, 690px\" \/>\t\t\t\t\t\t\t\t\t\t\t\t\t\t\t<\/div>\n\t\t\t\t<\/div>\n\t\t\t\t\t<\/div>\n\t\t<\/div>\n\t\t\t\t<div class=\"elementor-column elementor-col-25 elementor-top-column elementor-element elementor-element-7307392\" data-id=\"7307392\" data-element_type=\"column\" data-e-type=\"column\">\n\t\t\t<div class=\"elementor-widget-wrap elementor-element-populated\">\n\t\t\t\t\t\t<div class=\"elementor-element elementor-element-48c541c elementor-widget elementor-widget-image\" data-id=\"48c541c\" data-element_type=\"widget\" data-e-type=\"widget\" data-widget_type=\"image.default\">\n\t\t\t\t<div class=\"elementor-widget-container\">\n\t\t\t\t\t\t\t\t\t\t\t\t\t\t\t<img decoding=\"async\" width=\"699\" height=\"1024\" src=\"https:\/\/i0.wp.com\/gutz-dc.de\/wp-content\/uploads\/2023\/01\/Bildschirmfoto-2023-01-19-um-07.44.14.png?fit=699%2C1024&amp;ssl=1\" class=\"attachment-large size-large wp-image-669\" alt=\"\" srcset=\"https:\/\/i0.wp.com\/gutz-dc.de\/wp-content\/uploads\/2023\/01\/Bildschirmfoto-2023-01-19-um-07.44.14.png?w=760&amp;ssl=1 760w, https:\/\/i0.wp.com\/gutz-dc.de\/wp-content\/uploads\/2023\/01\/Bildschirmfoto-2023-01-19-um-07.44.14.png?resize=205%2C300&amp;ssl=1 205w, https:\/\/i0.wp.com\/gutz-dc.de\/wp-content\/uploads\/2023\/01\/Bildschirmfoto-2023-01-19-um-07.44.14.png?resize=699%2C1024&amp;ssl=1 699w\" sizes=\"(max-width: 699px) 100vw, 699px\" \/>\t\t\t\t\t\t\t\t\t\t\t\t\t\t\t<\/div>\n\t\t\t\t<\/div>\n\t\t\t\t\t<\/div>\n\t\t<\/div>\n\t\t\t\t<div class=\"elementor-column elementor-col-25 elementor-top-column elementor-element elementor-element-c27f205\" data-id=\"c27f205\" data-element_type=\"column\" data-e-type=\"column\">\n\t\t\t<div class=\"elementor-widget-wrap elementor-element-populated\">\n\t\t\t\t\t\t<div class=\"elementor-element elementor-element-7fbe1f0 elementor-widget elementor-widget-image\" data-id=\"7fbe1f0\" data-element_type=\"widget\" data-e-type=\"widget\" data-widget_type=\"image.default\">\n\t\t\t\t<div class=\"elementor-widget-container\">\n\t\t\t\t\t\t\t\t\t\t\t\t\t\t\t<img loading=\"lazy\" decoding=\"async\" width=\"542\" height=\"728\" src=\"https:\/\/i0.wp.com\/gutz-dc.de\/wp-content\/uploads\/2023\/01\/Bildschirmfoto-2023-01-19-um-07.54.53.png?fit=542%2C728&amp;ssl=1\" class=\"attachment-large size-large wp-image-673\" alt=\"\" srcset=\"https:\/\/i0.wp.com\/gutz-dc.de\/wp-content\/uploads\/2023\/01\/Bildschirmfoto-2023-01-19-um-07.54.53.png?w=542&amp;ssl=1 542w, https:\/\/i0.wp.com\/gutz-dc.de\/wp-content\/uploads\/2023\/01\/Bildschirmfoto-2023-01-19-um-07.54.53.png?resize=223%2C300&amp;ssl=1 223w\" sizes=\"(max-width: 542px) 100vw, 542px\" \/>\t\t\t\t\t\t\t\t\t\t\t\t\t\t\t<\/div>\n\t\t\t\t<\/div>\n\t\t\t\t\t<\/div>\n\t\t<\/div>\n\t\t\t\t\t<\/div>\n\t\t<\/section>\n\t\t\t\t<section class=\"elementor-section elementor-top-section elementor-element elementor-element-788201c elementor-section-boxed elementor-section-height-default elementor-section-height-default\" data-id=\"788201c\" data-element_type=\"section\" data-e-type=\"section\">\n\t\t\t\t\t\t<div class=\"elementor-container elementor-column-gap-default\">\n\t\t\t\t\t<div class=\"elementor-column elementor-col-100 elementor-top-column elementor-element elementor-element-13dc30e\" data-id=\"13dc30e\" data-element_type=\"column\" data-e-type=\"column\">\n\t\t\t<div class=\"elementor-widget-wrap elementor-element-populated\">\n\t\t\t\t\t\t<div class=\"elementor-element elementor-element-fae5e6e elementor-widget elementor-widget-text-editor\" data-id=\"fae5e6e\" data-element_type=\"widget\" data-e-type=\"widget\" data-widget_type=\"text-editor.default\">\n\t\t\t\t<div class=\"elementor-widget-container\">\n\t\t\t\t\t\t\t\t\t<p>Im Halbfinale (1) konnte sich Titelverteidiger Markus Ke\u00dfler durchsetzen und traf damit im Finale auf unseren GUTZ-Spieler Oliver Ufer, welcher das Halbfinale (2) gewinnen konnte.<\/p><p>Im Finale gelang es Markus Ke\u00dfler seinen Titel aus dem Vorjahr zu verteidigen und besiegte Oliver mit 4:1 nach Sets.<\/p>\t\t\t\t\t\t\t\t<\/div>\n\t\t\t\t<\/div>\n\t\t\t\t<div class=\"elementor-element elementor-element-608d6e1 elementor-widget elementor-widget-image\" data-id=\"608d6e1\" data-element_type=\"widget\" data-e-type=\"widget\" data-widget_type=\"image.default\">\n\t\t\t\t<div class=\"elementor-widget-container\">\n\t\t\t\t\t\t\t\t\t\t\t\t\t\t\t<img loading=\"lazy\" decoding=\"async\" width=\"635\" height=\"635\" src=\"https:\/\/i0.wp.com\/gutz-dc.de\/wp-content\/uploads\/2023\/01\/DED353F5-F318-49E7-B233-844FE281A6BD.jpeg?fit=635%2C635&amp;ssl=1\" class=\"attachment-large size-large wp-image-685\" alt=\"\" srcset=\"https:\/\/i0.wp.com\/gutz-dc.de\/wp-content\/uploads\/2023\/01\/DED353F5-F318-49E7-B233-844FE281A6BD.jpeg?w=635&amp;ssl=1 635w, https:\/\/i0.wp.com\/gutz-dc.de\/wp-content\/uploads\/2023\/01\/DED353F5-F318-49E7-B233-844FE281A6BD.jpeg?resize=300%2C300&amp;ssl=1 300w, https:\/\/i0.wp.com\/gutz-dc.de\/wp-content\/uploads\/2023\/01\/DED353F5-F318-49E7-B233-844FE281A6BD.jpeg?resize=150%2C150&amp;ssl=1 150w, https:\/\/i0.wp.com\/gutz-dc.de\/wp-content\/uploads\/2023\/01\/DED353F5-F318-49E7-B233-844FE281A6BD.jpeg?resize=75%2C75&amp;ssl=1 75w\" sizes=\"(max-width: 635px) 100vw, 635px\" \/>\t\t\t\t\t\t\t\t\t\t\t\t\t\t\t<\/div>\n\t\t\t\t<\/div>\n\t\t\t\t\t<\/div>\n\t\t<\/div>\n\t\t\t\t\t<\/div>\n\t\t<\/section>\n\t\t\t\t<\/div>\n\t\t","protected":false},"excerpt":{"rendered":"<p>GUTZ DC WM Am 17.12.2022 wurde die GDC WM 2022 in unser Spielst\u00e4tte, Sylvis Dartstube, ausgetragen.32 Teilnehmer aus 8 verschiedenen Vereinen Mitteldeutschlands spielten um den Sieg der zweiten Auflage der GUTZ DC WM. Gespielt wurde im Setmodus und die Distanzen stiegen bis zum Finale.Nachdem die Gruppen h\u00e4ndisch ausgelost wurden, ging es darum die Top 24 Spieler f\u00fcr die KO-Phase zu erspielen. Im Halbfinale (1) konnte sich Titelverteidiger Markus Ke\u00dfler durchsetzen und traf damit im Finale auf unseren GUTZ-Spieler Oliver Ufer, welcher das Halbfinale (2) gewinnen konnte. Im Finale gelang es Markus Ke\u00dfler seinen Titel aus dem Vorjahr zu verteidigen und besiegte Oliver mit 4:1 nach Sets.<\/p>\n","protected":false},"author":1,"featured_media":0,"parent":0,"menu_order":0,"comment_status":"closed","ping_status":"closed","template":"","meta":{"footnotes":""},"class_list":["post-840","page","type-page","status-publish","hentry"],"jetpack_sharing_enabled":true,"_links":{"self":[{"href":"https:\/\/gutz-dc.de\/index.php\/wp-json\/wp\/v2\/pages\/840","targetHints":{"allow":["GET"]}}],"collection":[{"href":"https:\/\/gutz-dc.de\/index.php\/wp-json\/wp\/v2\/pages"}],"about":[{"href":"https:\/\/gutz-dc.de\/index.php\/wp-json\/wp\/v2\/types\/page"}],"author":[{"embeddable":true,"href":"https:\/\/gutz-dc.de\/index.php\/wp-json\/wp\/v2\/users\/1"}],"replies":[{"embeddable":true,"href":"https:\/\/gutz-dc.de\/index.php\/wp-json\/wp\/v2\/comments?post=840"}],"version-history":[{"count":16,"href":"https:\/\/gutz-dc.de\/index.php\/wp-json\/wp\/v2\/pages\/840\/revisions"}],"predecessor-version":[{"id":886,"href":"https:\/\/gutz-dc.de\/index.php\/wp-json\/wp\/v2\/pages\/840\/revisions\/886"}],"wp:attachment":[{"href":"https:\/\/gutz-dc.de\/index.php\/wp-json\/wp\/v2\/media?parent=840"}],"curies":[{"name":"wp","href":"https:\/\/api.w.org\/{rel}","templated":true}]}}